 14. Let j be m(z). Suppose j = 3*u + 3062. Is u prime?
True
Suppose 2*h + 12*m = 10*m + 25350, 2*h - 3*m = 25310. Is h prime?
False
Let j = -397327 + 585678. Is j composite?
False
Suppose 85*y - 84*y + 55 = 0. Let k be (-285)/y - (24/11 - 2). Suppose 5*d = -2*v + 11 + 668, 2*v - k*d = 669. Is v a composite number?
False
Let i = 204 - 202. Suppose -2*c + l + 1980 = 0, 3*c = i*l + 2275 + 694. Is c composite?
False
Is 16*((-3626328)/(-384) - -11) a prime number?
True
Is (-4)/20 - (-272)/20*6922 a prime number?
False
Suppose -9*l = 2*o - 8*l - 141079, 0 = 4*o + 3*l - 282163. Is o a composite number?
False
Suppose -9*c - 421 - 254 = 0. Let q be ((-4)/10)/(15/c). Suppose 2*g = 5*g + q*r - 9323, -3*g + 3*r + 9318 = 0. Is g prime?
False
Suppose -83*z - 4*s - 53501 = -86*z, 5*s = -10. Is z a composite number?
True
Let w = 218 + -206. Is 2/(-8) + 25839/w a prime number?
True
Let k(a) be the third derivative of -a**6/120 - 7*a**5/60 - a**4/24 + a**3/3 - 330*a**2. Let q = -1 - 11. Is k(q) a composite number?
True
Suppose -17335 - 94314 = -u + 2*v, 4*u + 4*v - 446656 = 0. Is u a composite number?
False
Suppose 125*l + 768 = 137*l. Suppose -49*o - 78285 = -l*o. Is o a composite number?
True
Let s = 30594 - -757. Is s a prime number?
False
Suppose -3*n + m = 23 - 1721, m + 9 = 0. Let s be 1/2 - 15934/(-4). Let f = n + s. Is f composite?
False
Let b be (-3)/(-2)*5990/15. Suppose -3*z + b = -772. Let c = z + 262. Is c composite?
False
Let y(x) = 1084*x**3 + 20*x**2 - 148*x + 153. Is y(13) a prime number?
False
Suppose 3*l - t - 1208578 = 0, -2014292 = 5*l - 10*l - 3*t. Is l composite?
False
Suppose 2*h + 5*u = 214369, h + 22*u - 17*u = 107202. Is h a composite number?
True
Suppose -3*t + 18 = -3. Suppose 4*j + 9 = t*j. Is (j*3/9)/(2/3790) prime?
False
Suppose -88*d + 87*d + 7261 = 2*q, 4*d + 3*q - 29024 = 0. Is d composite?
False
Let g(w) = -301840*w**3 + 4*w**2 - 9*w - 12. Is g(-1) composite?
False
Suppose -87*g + 93*g = 9528. Suppose -11*r - g = -15*r. Is r a prime number?
True
Let v(d) = 3355*d**2 + 63*d + 7. Is v(-4) composite?
True
Suppose 5*r = 5*q + 74375, r = 4*q + 51537 + 7957. Let l = 23218 + q. Is l a prime number?
False
Is (-8)/216 + (-9568940)/(-135) prime?
False
Suppose -18*i + 23*i + 45 = 0. Let z(o) = 6*o**2 + 17*o - 2. Let h be z(i). Suppose 0 = t + g - h, 0 = -2*t + 6*t + 5*g - 1326. Is t prime?
False
Let x = 205 + -25. Let l = x + 116. Let a = l - 39. Is a a composite number?
False
Let a(l) = 163*l**3 + 11*l**2 - 20*l + 51. Is a(7) a composite number?
False
Suppose -2*g = 4*t + 2532, -8*g + 5*t = -3*g + 6330. Let h = 1807 + g. Is h a composite number?
False
Suppose 4*q - 5374 = 5*h + 675, 5*h = 2*q - 3027. Is q a prime number?
True
Let j(o) = 13*o + 59. Let b be j(-4). Suppose -b*v = -78782 - 46385. Is v a composite number?
False
Let n(z) = 28*z**3 + 185. Is n(8) a prime number?
False
Let z = 497 - -152. Suppose -z = 9*l - 16030. Is l a prime number?
True
Suppose -j = 12611 + 27740. Let y = -28080 - j. Is y a composite number?
True
Suppose 34*w - 166 - 72 = 0. Suppose -w*s + 3013 = -2440. Is s a composite number?
True
Let n(c) = 61*c**2 + 25*c - 233. Is n(26) composite?
True
Let h be (-5)/(5/(-3)) - 1. Let p(i) = -1624*i - 36. Let q be p(-4). Suppose 3*l = r + q, h*l = -4*r + 522 + 3808. Is l a prime number?
False
Is (-5 + 6738/15)*5 a prime number?
True
Let q be (11/((-132)/9))/((-3)/8). Suppose -q*x + 2236 = -2214. Suppose -4*m + x = 5*u, 2*u + 5*m = 672 + 201. Is u composite?
False
Suppose 88*z + 68 = 4*d + 92*z, d - 12 = -2*z. Suppose -128257 = -d*w + 467041. Is w a composite number?
False
Let b(q) = 137*q. Let f be b(24). Suppose -44*w - f = -45*w + 3*h, -h = 5. Is w prime?
False
Let h = -1400 + -191. Let n = h - -9408. Is n a composite number?
False
Suppose 98*g - 12*g = -226*g + 194516088. Is g a prime number?
False
Let h = -1922 - -181. Let m = h + 3284. Is m prime?
True
Suppose -73*h + 16407141 = -40573600 - 657942. Is h prime?
True
Let c(a) = -14*a**2 - 16 + 75*a**2 + 9*a - 62*a**2 + 4*a**3. Is c(10) a composite number?
True
Suppose -12*x + 115 = -7*x. Let z be (-162)/(-8) + 6/8. Suppose -k - z = -x. Is k a prime number?
True
Suppose -j = -8*j + 133. Suppose -3*o - n = -2*n - 10, 5*o - 4*n = j. Suppose -87 - o = -6*z. Is z a prime number?
False
Let x(s) = -2*s**3 - 7*s**2 - 132*s - 16. Is x(-11) a prime number?
True
Let w(s) = -s**3 + 7*s**2 + 8*s + 5. Let m be w(-5). Suppose -1067 = -0*r - r - b, -2*b + 4270 = 4*r. Let q = r - m. Is q a composite number?
True
Let v = -293 + 419. Suppose v*t = 121*t + 282845. Is t composite?
False
Is 126/(-84)*(-147418)/3 a composite number?
False
Let o be 40923 - (8 + 2)/(2 - 4). Suppose o - 223172 = -12*c. Is c a prime number?
True
Let r = 523 + -533. Is (-52269)/r + 2/20 prime?
True
Let r(v) = 384*v**2 + 4*v - 27. Let i(n) = -n**3 + 24*n**2 - 44*n - 6. Let w be i(22). Is r(w) a prime number?
False
Let t(z) = -568500*z**2 - 3*z - 16. Let f be t(-3). Is f/(-561) + (5/3 - 1) prime?
False
Let u(t) = -4*t**3 - 45*t**2 + 467*t - 145. Is u(-82) prime?
True
Let d be ((-6039)/(-18))/(3/(-30)). Let a = d + 7116. Is a a prime number?
True
Let r(p) = 1725*p + 3088. Is r(49) a composite number?
False
Suppose -5*k - 40 = -3*p - 2*p, -3*k = 6. Suppose p*r = 2*u + 2*r + 32, 4*u = 5*r - 58. Is (466/8 - 0)/((-3)/u) composite?
False
Let z(x) = 8*x**2 + 10*x + 11. Let s(v) = v + 10. Let c be s(4). Let p be 94/c - 2/(-7). Is z(p) a prime number?
False
Suppose 3*j = 3*c - 36069, 0 = -3*j + j + 3*c - 24042. Let s = 5692 + j. Let y = -4396 - s. Is y composite?
True
Let n(k) = -251*k**2 + 2*k. Let s be (-2)/(2 - 0)*24/(-24). Let y be n(s). Let g = y - -1304. Is g composite?
True
Suppose 3*z + 3*i = -78, 3*z - i = 2*i - 48. Let n(s) = -41*s - 10. Is n(z) composite?
True
Let i(m) = -8*m**2 - m - 222. Let p(y) = 7*y**2 + 3*y + 220. Let x(c) = 5*i(c) + 6*p(c). Is x(-16) prime?
False
Is (-2 - 1210745)/(7/35*-5) prime?
True
Let a(o) be the second derivative of 0*o**3 - 4*o + 7/6*o**4 - 13/2*o**2 + 0. Is a(9) prime?
False
Suppose -48*j + 13*j + 245 = 0. Suppose -19140 = -5*k - j*x + 6*x, 0 = -k - 2*x + 3837. Is k a composite number?
True
Suppose 0 = -2*j + 724531 + 618507. Is j a prime number?
True
Let z(h) = -h**3 + 17*h**2 - 2*h - 31. Suppose 7*q = -4*q + 121. Suppose -k - q*k + 132 = 0. Is z(k) a composite number?
False
Let c = 11982 + -11351. Is c a composite number?
False
Let u = 6 - -8. Suppose 78 - 8 = u*m. Suppose m*k - 3*g = 1304, -3*k = k - g - 1039. Is k composite?
True
Suppose 20 = -4*r, r - 37 = 2*i - 2*r. Let z be 13/i - 3/2. Is (-11799)/(-2) + z/4 prime?
False
Suppose 2*j - 375 = 3*h, -j + 61 + 131 = 3*h. Suppose 0 = -13*g + j + 3334. Is g a prime number?
True
Let r(p) = 4 - 33*p - 6 - 5 - 3690*p**3 - 45*p**2 + 25*p**2 + 2. Is r(-2) a prime number?
True
Suppose -3*h + 3*y + 19179 = 0, 3*h + 36 = -5*y + 19231. Let z = h - 3300. Is z a composite number?
True
Suppose -1170952 = -18*h - 2*h + 3193308. Is h a composite number?
False
Let j(z) = z**3 + 12*z**2 - 10*z - 22. Is j(25) a composite number?
False
Let a(z) = 64*z**3 - 4*z**2 + 36*z - 309. Is a(11) prime?
True
Let r = -16939 + 37034. Is r a prime number?
False
Suppose -6*g + 321 = 237. Is (3032/24)/((g/(-6))/(-7)) prime?
True
Let r = -225304 - -378741. Is r a prime number?
True
Suppose 5*p - 2*a = 18, 2*a + 6 + 4 = p. Let z(j) = 2*j**p - 208*j**3 + 5 - 117*j + 121*j - 3*j**2. Is z(-2) prime?
True
Is (-6)/(-4)*(-450218)/(-3) composite?
False
Suppose -492*d + 337017 = -531*d + 2218416. Is d composite?
True
Let b = 442 + 13927. Is b a prime number?
True
Let m(h) be the first derivative of -h**4/4 - 34*h**3/3 - 51*h**2/2 - 7*h - 58. Is m(-33) a composite number?
False
Let b be 36/2*22/99. Suppose 2*j = -b*a + 1366, 0 = -3*j - 6*a + 3*a + 2043. Is j a prime number?
False
Suppose -33*w = -35*w + 30068. Is w prime?
False
Let x = 5 + 0. Suppose 0 = -x*y - a + 25968, 3*y - a - 15572 = -6*a. Suppose 2*h = -2*s + y - 1084, -10235 = -5*s + 5*h. Is s composite?
True
Let l be (-60)/8*(2 + -1*362). Let b = -1583 + l. Is b prime?
True
Let d(y) = y**2 - y. Let n = 29 + -30. Let u(g) = -10*g**2 - 11*g + 8. Let x(t) = n*u(t) - 3*d(t). Is x(-5) composite?
False
Suppose -323*h + 4266 = -322*h - s, 3*h + s = 12794. Suppose 5*q = q. Suppose -5*d + b + h = q, 0 = -4*d + b + 2*b